 + 5. What is o(a)?
-7
Let h(c) = 5 + 6 + 1407*c - 1413*c - c**2. Determine h(-8).
-5
Let u(q) = q**2 + 7*q - 8. Suppose 3 = o - 1. Let p(m) = m**3 - 5*m**2 + m + 4. Let h be p(o). Give u(h).
0
Let v(o) = -o**2 - 7*o - 4. Suppose 0 = 3*i - 0 - 6. Suppose 0 = -g, 0*g + 12 = 3*a - i*g. Suppose 31 = -a*x - y, 19 = -x - 3*y - y. Give v(x).
-4
Let o(p) = -1 - 70*p**2 + 105*p**2 - 11*p - 34*p**2. What is o(10)?
-11
Let i(h) = h**2 + 862*h - 1714*h + 860*h. What is i(-8)?
0
Let s(t) be the second derivative of t**5/20 + t**4/4 - 3*t**2/2 + 3*t - 3. Suppose 0 = -6*i + 8*i + 6. What is s(i)?
-3
Let u(b) = 5*b**2 + 10*b + 11. Let s(y) = -12 - 6*y + 0*y**2 - 4*y**2 - 2*y**2 - 5*y. Let i(o) = 4*s(o) + 5*u(o). Calculate i(-6).
7
Let n be 4/14 + (-8)/28. Suppose 5*g - 10 = 5. Let z(x) = x - 12. Let w(b) = -3*b + 37. Let c(t) = g*w(t) + 8*z(t). Calculate c(n).
15
Let h(b) = -5*b**2 - 5*b**2 + 6*b**2 - 5 - 3*b - b**3. Suppose -3*s + 14*s = -44. Give h(s).
7
Let x(r) = 8 + 13 - 18 + r. Suppose -2*y - 5*s = -y - 33, -4*y + 3*s = -17. Let o = y - 14. Give x(o).
-3
Let h = -4 + 8. Suppose -h*n + 0 + 8 = 0. Let m(y) = 0*y**2 + y**2 - 2*y**n + y. Calculate m(3).
-6
Let w = -200 + 199. Let l(s) = -11*s**3 + 2*s**2 + 3*s. Let h(p) = -12*p**3 + 3*p**2 + 4*p. Let i(r) = 3*h(r) - 4*l(r). Determine i(w).
-7
Let n be 44/(-12) - -4 - (-3 + 3). Let q(m) be the first derivative of -1/4*m**4 + n*m**3 - 4 + m**2 + m. Give q(2).
1
Let h(w) be the second derivative of 0 + 1/4*w**4 - 2*w**2 - 1/3*w**3 + 1/20*w**5 - 7*w. Let f = 2 + -5. What is h(f)?
2
Let c be 4/14 - (-66)/14. Let l(n) = n**3 + 205 + 4*n - 405 + 203 - 6*n**2. Determine l(c).
-2
Let t(q) = 5*q + 4. Let p(k) = -2*k + 1. Let i(y) = 3*p(y) + t(y). What is i(5)?
2
Let s(j) = -3 + 0 + 0*j**2 - 7 + 9 - j**2. Determine s(-3).
-10
Let j(f) = -7*f**2 + 10*f + 3. Let q(m) = 11*m**2 - 15*m - 4. Let s(t) = -8*j(t) - 5*q(t). Determine s(-3).
20
Let p(u) = u - 4. Let d be p(5). Let m be (d/3 - 0)*21. Suppose 2*x - m*x = 25. Let k(c) = -c. Give k(x).
5
Let h(z) = -8*z - 47. Let m(y) = -7*y - 46. Let g(c) = 3*h(c) - 4*m(c). Let j be g(-9). Let p(u) = 2*u + 4. Give p(j).
18
Let r(j) = -1 + 19*j**2 - j - 53*j**2 + 17*j**2 + 19*j**2. Calculate r(-3).
20
Let x(v) = -v**2 + 5*v - 5. Let l(u) = u**3 + 2*u**2 - 7*u. Let n be l(-4). Let j be n/10*(-2 + -8). Calculate x(j).
-1
Let i(q) be the second derivative of 0 - 1/8*q**4 + 1/6*q**3 + 0*q**2 - 1/60*q**5 + 2*q. Let x(g) be the second derivative of i(g). Give x(-3).
3
Let i(m) = -m**2 - 6*m - 7. Let q(z) = -5*z**3 - 3*z + 2. Let s be q(1). Calculate i(s).
-7
Let i(o) = 1 + 7*o + 7 - 4 - 5*o**2 + 4*o**2. Let s(j) = 2*j**2 - 8*j - 4. Let d(n) = 3*i(n) + 2*s(n). Give d(-5).
4
Let q(i) = 33 - 8 + i**2 - i**3 - 35. Give q(0).
-10
Let a(g) = -159 + 2*g + 55 + 72 + 60. Give a(-15).
-2
Let a(k) = 2 - 3 - 3*k - 3. Let o(j) = -10*j - 11. Let s(n) = 7*a(n) - 2*o(n). Suppose -5*u - 9 = 3*v + 9, v + 6 = 5*u. Give s(v).
0
Let k(l) = 0*l**2 - 8*l**2 - 2 - 2*l - l - 38*l**3 - 28*l**3 + 65*l**3. Calculate k(-7).
-30
Let h(a) = -a**2 + a - 1. Let x(b) = -7*b**2 + 13*b - 3. Let y(p) = -6*h(p) + x(p). Let j(s) = s**2 - 6*s - 3. Let f(c) = 6*j(c) + 5*y(c). Give f(3).
3
Let n be ((-4)/(-18))/(27/243). Let d(c) = c**3. Give d(n).
8
Let f = 2099/2490 + -4/415. Let u(k) be the second derivative of 1/12*k**4 + 0 + f*k**3 - 8*k + 1/2*k**2. What is u(-4)?
-3
Let o(y) = -y**2 + 4. Suppose -55 = 3*h - 61. Give o(h).
0
Let c = -12 - -17. Suppose c*n - 13 = -3. Suppose g = -g - n. Let s(b) = 2*b - 1. Calculate s(g).
-3
Let x(d) = -3*d + 0*d - 73697 + 73673. What is x(-10)?
6
Let w be -7*((-2 - -5) + -2 - 0). Let x(c) be the second derivative of -c**4/24 - c**3/6 - c**2/2 + c. Let u(t) be the first derivative of x(t). Give u(w).
6
Let p(w) be the third derivative of w**4/24 + 79*w**2. Let f = 15 - 6. What is p(f)?
9
Let x(w) = -7152 + 2*w + 3*w + 7151. Calculate x(2).
9
Let r(w) = -w**3 + 4*w**2 + 5*w + 11. Let x(v) = v**3 - v**2 - 6*v - 10. Let h(l) = -2*r(l) - 3*x(l). Calculate h(-6).
-4
Suppose -18 - 12 = -3*i. Let g = i - 12. Let y(o) = 2. Let d(z) = z + 1. Let p(v) = g*d(v) + 3*y(v). Calculate p(3).
-2
Suppose -56 = -10*i + 4. Let f(c) = c - 10. What is f(i)?
-4
Let k be -2*(-7)/49 + (-116)/14. Let o(v) = 11*v - v + 0*v - 9*v + 6. Determine o(k).
-2
Let q(d) be the second derivative of -5*d**4/6 + d**2/2 + d. Let w(u) = u**2 + 4*u - 13. Suppose 150 = -27*s + 2*s. Let k be w(s). Give q(k).
-9
Suppose 7*g = 6 + 8. Let j(v) = -3*v**3 + 740*v - 2*v**g + v**2 - v**2 - 741*v. Calculate j(-1).
2
Suppose -i = 4*i + 2*u - 1, 4*u = i - 9. Let c(g) = 17*g**3 + 1. Calculate c(i).
18
Let r be 4/(-8)*174/3. Let g = r + 27. Let y(k) = 5*k**3 + 3*k**2 + 2*k + 7. Let z(l) = -3*l**3 - 2*l**2 - l - 4. Let q(u) = 4*y(u) + 7*z(u). Calculate q(g).
-2
Let i(j) be the third derivative of j**7/2520 - j**6/120 - 7*j**5/120 + 23*j**4/24 + 16*j**2. Let f(b) be the second derivative of i(b). Determine f(6).
-7
Let k(z) be the third derivative of -1/120*z**6 + 2*z**2 + 0*z + 1/2*z**3 - 5/24*z**4 + 1/12*z**5 + 0. Give k(4).
-1
Let r(n) = -n - 4. Let a be r(-5). Let g be ((a - 1)/(-3))/2. Let q(y) = -8 - 3*y**2 + 2*y**2 + 2*y**2 + y**3 + y. Calculate q(g).
-8
Let p(j) be the third derivative of j**5/60 - j**4/6 - 7*j**3/6 - 318*j**2. Give p(6).
5
Let p = -8 + 13. Let q(x) be the second derivative of -1/12*x**4 - 8*x + 2/3*x**3 + 0 + 5/2*x**2. Give q(p).
0
Suppose 7*u + 40 + 30 = 0. Let t(y) = -2*y - 10. Determine t(u).
10
Let t(l) = 2*l**2 + 6*l + 3. Let r = -87 + 83. What is t(r)?
11
Let x(l) = -2*l**3 + 5*l**2 - 2*l. Let k be x(3). Let v = k - -19. Let q(p) = 19 + 4*p - 20 + 5*p**2 - v*p**2. Give q(-3).
-4
Let x(c) be the first derivative of -c**5/40 + c**4/24 + 29*c**3/3 + 18. Let g(b) be the third derivative of x(b). Calculate g(2).
-5
Let f = -10 + 11. Suppose 0 = 2*k - 3*c + 7 + 4, -f = 2*k - c. Let s(b) = -b**3 + 2*b**2 - 2. Calculate s(k).
-2
Let b(a) = 1. Let f(v) = -2*v + 5. Let r(j) = 6*b(j) - f(j). Suppose 145*t - 169*t = -48. Determine r(t).
5
Let c be -3 + (-70)/(-22) + (-901)/(-187). Let t(s) = -9*s + 9. Determine t(c).
-36
Let n(a) be the third derivative of 0*a - 4/3*a**3 + 0 + 2*a**2 + 7/24*a**4. Let p(c) = 2*c - 3. Let k(l) = 3*n(l) - 8*p(l). Determine k(-2).
-10
Let g(j) be the first derivative of -5 - 2*j - 1/2*j**2. Determine g(-5).
3
Let t be (-1 - (0 - -8))*(3 + -2). Let j(g) = 3*g**2 + 5*g - 10. Let a(l) = -7*l**2 - 9*l + 20. Let s(y) = t*j(y) - 4*a(y). Calculate s(8).
2
Suppose a + s = 0, -6 = 2*a + 7*s - 3*s. Let x(y) = -y + 3*y**2 - 2 - 6*y**2 - y**a + 0*y**2. Give x(-3).
1
Let x be (4 - (-66)/(-12))/((-2)/8). Let o(q) = -2*q + 2 + q + 1 - q**3 + 6*q**2. Calculate o(x).
-3
Let m = 245 + -265. Let s(p) = -p - 16. Calculate s(m).
4
Let n(q) be the second derivative of -q**3/3 + 11*q**2/2 - 14*q + 2. Calculate n(9).
-7
Let h(b) = b**2 + 20*b - 28. Let m(d) = d**2 + 19*d - 27. Let l(t) = 5*h(t) - 6*m(t). What is l(-16)?
-10
Let m(i) be the first derivative of i**3/3 + 5*i**2/2 + 5*i - 688. Let j(q) = q**3 + 2*q**2 + 4. Let g be j(-3). Give m(g).
5
Let g(q) be the first derivative of -q**2 + 8*q - 167. Determine g(6).
-4
Let c(g) = -g**2 + g + 5. Suppose 240 = 11*b + b. Suppose -b = -56*n + 51*n. Give c(n).
-7
Let p(z) = 14*z**3 - 82*z**2 + 25*z - 4. Let h(y) = 5*y**3 - 29*y**2 + 9*y - 1. Let j(q) = 11*h(q) - 4*p(q). Let o be 4/(-14) + 130/14. What is j(o)?
-4
Let s(r) = -r**2 - 2. Let p(t) = -5*t + 6. Let q(o) = -p(o) - 2*s(o). Calculate q(-2).
-4
Let r(x) = x**2 - 3*x + 4 + 9*x**2 - 16*x + 20*x**2 - 9*x**2 - x**3. Calculate r(20).
24
Let m(g) = -g**2 - 4*g + 1. Suppose 4*y = -5*o - 0*o + 181, -3*y + 127 = -5*o. Let k be (-42)/8 - (-11)/y. Give m(k).
-4
Let z(p) be the second derivative of -p**5/20 + 5*p**4/6 - 4*p**3/3 - p**2 + p + 14. Determine z(9).
7
Suppose 3*b - 5*b + 5*g + 14 = 0, -4*b + 3*g + 14 = 0. Let m(r) = r**2 - 1. What is m(b)?
3
Let t(v) = 55835*v - 55838*v - 4 + 4. Calculate t(-2).
6
Let y(m) = -m**2 - 6*m + 5. Suppose 11 = -g + 24. Let l(a) = 2*a**2 + 13*a - 11. Let t(v) = g*y(v) + 6*l(v). Calculate t(0).
-1
Let m(y) = -y**3 - 2*y**2 - 2*y + 2. Suppose -2*j = r - 1, 3*j + 5 = r + 4*j. Suppose -14*v = -r*v + 10. Give m(v).
6
Suppose 3*k - 16 = 8. Let n = k - 5. Suppose n*f = -2*u - 1, -4*f + 4 = 7*u 